{"id":567,"date":"2024-07-04T20:29:50","date_gmt":"2024-07-04T20:29:50","guid":{"rendered":"https:\/\/lacienciadetusojos.com\/?page_id=567"},"modified":"2024-07-30T10:32:34","modified_gmt":"2024-07-30T10:32:34","slug":"como-vemos-elementor","status":"publish","type":"page","link":"https:\/\/lacienciadetusojos.com\/index.php\/como-vemos-elementor\/","title":{"rendered":"\u00bfC\u00f3mo vemos?"},"content":{"rendered":"\t\t<div data-elementor-type=\"wp-page\" data-elementor-id=\"567\" class=\"elementor elementor-567\" data-elementor-post-type=\"page\">\n\t\t\t\t<div class=\"elementor-element elementor-element-99ab8e9 e-flex e-con-boxed e-con e-parent\" data-id=\"99ab8e9\" data-element_type=\"container\" data-e-type=\"container\" data-settings=\"{&quot;background_background&quot;:&quot;classic&quot;}\">\n\t\t\t\t\t<div class=\"e-con-inner\">\n\t\t<div class=\"elementor-element elementor-element-03c886a e-grid e-con-full e-con e-child\" data-id=\"03c886a\" data-element_type=\"container\" data-e-type=\"container\" data-settings=\"{&quot;background_background&quot;:&quot;video&quot;,&quot;background_video_link&quot;:&quot;https:\\\/\\\/lacienciadetusojos.com\\\/wp-content\\\/uploads\\\/2024\\\/07\\\/Diseno-sin-titulo.mp4&quot;,&quot;background_play_on_mobile&quot;:&quot;yes&quot;}\">\n\t\t<div class=\"elementor-background-video-container\">\n\t\t\t\t\t\t\t<video class=\"elementor-background-video-hosted\" role=\"presentation\" autoplay muted playsinline loop><\/video>\n\t\t\t\t\t<\/div>\t\t<div class=\"elementor-element elementor-element-8828f94 elementor-widget elementor-widget-heading\" data-id=\"8828f94\" data-element_type=\"widget\" data-e-type=\"widget\" data-widget_type=\"heading.default\">\n\t\t\t\t<div class=\"elementor-widget-container\">\n\t\t\t\t\t<h2 class=\"elementor-heading-title elementor-size-default\">\u00bfC\u00f3mo <\/h2>\t\t\t\t<\/div>\n\t\t\t\t<\/div>\n\t\t\t\t<div class=\"elementor-element elementor-element-98fc328 elementor-widget elementor-widget-heading\" data-id=\"98fc328\" data-element_type=\"widget\" data-e-type=\"widget\" data-widget_type=\"heading.default\">\n\t\t\t\t<div class=\"elementor-widget-container\">\n\t\t\t\t\t<h2 class=\"elementor-heading-title elementor-size-default\">Vemos?<\/h2>\t\t\t\t<\/div>\n\t\t\t\t<\/div>\n\t\t\t\t<\/div>\n\t\t\t\t\t<\/div>\n\t\t\t\t<\/div>\n\t\t<div class=\"elementor-element elementor-element-c92b494 e-flex e-con-boxed e-con e-parent\" data-id=\"c92b494\" data-element_type=\"container\" data-e-type=\"container\">\n\t\t\t\t\t<div class=\"e-con-inner\">\n\t\t\t\t<div class=\"elementor-element elementor-element-9ea4d09 elementor-widget elementor-widget-text-editor\" data-id=\"9ea4d09\" data-element_type=\"widget\" data-e-type=\"widget\" data-widget_type=\"text-editor.default\">\n\t\t\t\t<div class=\"elementor-widget-container\">\n\t\t\t\t\t\t\t\t\t<p>\u00a0<\/p><p><img fetchpriority=\"high\" decoding=\"async\" class=\"wp-image-817 alignleft\" src=\"https:\/\/lacienciadetusojos.com\/wp-content\/uploads\/2024\/07\/Texto-del-parrafo-300x300.png\" alt=\"\" width=\"232\" height=\"232\" srcset=\"https:\/\/lacienciadetusojos.com\/wp-content\/uploads\/2024\/07\/Texto-del-parrafo-300x300.png 300w, https:\/\/lacienciadetusojos.com\/wp-content\/uploads\/2024\/07\/Texto-del-parrafo-1024x1024.png 1024w, https:\/\/lacienciadetusojos.com\/wp-content\/uploads\/2024\/07\/Texto-del-parrafo-150x150.png 150w, https:\/\/lacienciadetusojos.com\/wp-content\/uploads\/2024\/07\/Texto-del-parrafo-768x768.png 768w, https:\/\/lacienciadetusojos.com\/wp-content\/uploads\/2024\/07\/Texto-del-parrafo.png 1080w\" sizes=\"(max-width: 232px) 100vw, 232px\" \/><\/p><p class=\"p1\" style=\"text-align: left;\">La visi\u00f3n es un sentido crucial para la supervivencia y la evoluci\u00f3n de los seres vivos, incluyendo los humanos.<\/p><p class=\"p1\" style=\"text-align: left;\">La v\u00eda visual involucra complejos procesos fisiol\u00f3gicos que comienzan en el ojo y la retina, contin\u00faan a trav\u00e9s del nervio \u00f3ptico y son procesados en distintas partes del cerebro para interpretar la informaci\u00f3n visual.<\/p><p class=\"p1\">La importancia de la visi\u00f3n ha sido reconocida a lo largo de la historia de la humanidad. Ejemplo de ello es el filosofo Plat\u00f3n, que utiliz\u00f3 la analog\u00eda de la &#8220;caverna&#8221; para describir c\u00f3mo nuestra percepci\u00f3n visual limitada puede afectar nuestra comprensi\u00f3n del mundo. En la Edad Media, Santo Tom\u00e1s de Aquino discuti\u00f3 la relaci\u00f3n entre los sentidos y la percepci\u00f3n en su obra Summa Theologica, donde coloca a la visi\u00f3n como el m\u00e1s elevado de todos los sentidos.<\/p><p><img decoding=\"async\" class=\"aligncenter wp-image-818 size-full\" src=\"https:\/\/lacienciadetusojos.com\/wp-content\/uploads\/2024\/07\/Texto-del-parrafo-1.png\" alt=\"\" width=\"1080\" height=\"1080\" srcset=\"https:\/\/lacienciadetusojos.com\/wp-content\/uploads\/2024\/07\/Texto-del-parrafo-1.png 1080w, https:\/\/lacienciadetusojos.com\/wp-content\/uploads\/2024\/07\/Texto-del-parrafo-1-300x300.png 300w, https:\/\/lacienciadetusojos.com\/wp-content\/uploads\/2024\/07\/Texto-del-parrafo-1-1024x1024.png 1024w, https:\/\/lacienciadetusojos.com\/wp-content\/uploads\/2024\/07\/Texto-del-parrafo-1-150x150.png 150w, https:\/\/lacienciadetusojos.com\/wp-content\/uploads\/2024\/07\/Texto-del-parrafo-1-768x768.png 768w\" sizes=\"(max-width: 1080px) 100vw, 1080px\" \/><\/p><p>\u00a0<\/p><p class=\"p1\">En la era moderna, la visi\u00f3n ha sido estudiada desde una perspectiva cient\u00edfica, incluyendo la investigaci\u00f3n en la psicolog\u00eda y la neurociencia. Aunque la visi\u00f3n humana es impresionante en t\u00e9rminos de su alcance y complejidad, tambi\u00e9n es susceptible a ilusiones \u00f3pticas y percepciones err\u00f3neas.<\/p><p class=\"p3\">La visi\u00f3n es un sentido esencial para los humanos y ha sido objeto de inter\u00e9s filos\u00f3fico y cient\u00edfico a lo largo de la historia. La comprensi\u00f3n de la fisiolog\u00eda de la v\u00eda visual ha mejorado nuestra comprensi\u00f3n de c\u00f3mo percibimos el mundo que nos rodea, ha mejorado los tratamientos disponibles para el funcionamiento de las enfermedades que afectan este sistema y ha permitido el desarrollo de avances tecnol\u00f3gicos como la visi\u00f3n artificial y la realidad virtual.<\/p><p class=\"p3\">\u00a0<\/p>\t\t\t\t\t\t\t\t<\/div>\n\t\t\t\t<\/div>\n\t\t\t\t\t<\/div>\n\t\t\t\t<\/div>\n\t\t\t\t<\/div>\n\t\t","protected":false},"excerpt":{"rendered":"<p>\u00bfC\u00f3mo Vemos? \u00a0 La visi\u00f3n es un sentido crucial para la supervivencia y la evoluci\u00f3n de los seres vivos, incluyendo los humanos. La v\u00eda visual involucra complejos procesos fisiol\u00f3gicos que comienzan en el ojo y la retina, contin\u00faan a trav\u00e9s del nervio \u00f3ptico y son procesados en distintas partes del cerebro para interpretar la informaci\u00f3n [&hellip;]<\/p>\n","protected":false},"author":1,"featured_media":0,"parent":0,"menu_order":0,"comment_status":"closed","ping_status":"closed","template":"elementor_header_footer","meta":{"_monsterinsights_skip_tracking":false,"_monsterinsights_sitenote_active":false,"_monsterinsights_sitenote_note":"","_monsterinsights_sitenote_category":0,"footnotes":""},"class_list":["post-567","page","type-page","status-publish","hentry"],"yoast_head":"<!-- This site is optimized with the Yoast SEO plugin v27.5 - https:\/\/yoast.com\/product\/yoast-seo-wordpress\/ -->\n<title>\u00bfC\u00f3mo vemos? - La ciencia de tus ojos<\/title>\n<meta name=\"robots\" content=\"index, follow, max-snippet:-1, max-image-preview:large, max-video-preview:-1\" \/>\n<link rel=\"canonical\" href=\"https:\/\/lacienciadetusojos.com\/index.php\/como-vemos-elementor\/\" \/>\n<meta property=\"og:locale\" content=\"es_MX\" \/>\n<meta property=\"og:type\" content=\"article\" \/>\n<meta property=\"og:title\" content=\"\u00bfC\u00f3mo vemos? - La ciencia de tus ojos\" \/>\n<meta property=\"og:description\" content=\"\u00bfC\u00f3mo Vemos? \u00a0 La visi\u00f3n es un sentido crucial para la supervivencia y la evoluci\u00f3n de los seres vivos, incluyendo los humanos. La v\u00eda visual involucra complejos procesos fisiol\u00f3gicos que comienzan en el ojo y la retina, contin\u00faan a trav\u00e9s del nervio \u00f3ptico y son procesados en distintas partes del cerebro para interpretar la informaci\u00f3n [&hellip;]\" \/>\n<meta property=\"og:url\" content=\"https:\/\/lacienciadetusojos.com\/index.php\/como-vemos-elementor\/\" \/>\n<meta property=\"og:site_name\" content=\"La ciencia de tus ojos\" \/>\n<meta property=\"article:publisher\" content=\"https:\/\/www.facebook.com\/profile.php?id=61556950348192&amp;locale=es_LA\" \/>\n<meta property=\"article:modified_time\" content=\"2024-07-30T10:32:34+00:00\" \/>\n<meta property=\"og:image\" content=\"https:\/\/lacienciadetusojos.com\/wp-content\/uploads\/2024\/07\/Texto-del-parrafo-300x300.png\" \/>\n<meta name=\"twitter:card\" content=\"summary_large_image\" \/>\n<meta name=\"twitter:label1\" content=\"Tiempo de lectura\" \/>\n\t<meta name=\"twitter:data1\" content=\"2 minutos\" \/>\n<script type=\"application\/ld+json\" class=\"yoast-schema-graph\">{\"@context\":\"https:\\\/\\\/schema.org\",\"@graph\":[{\"@type\":\"WebPage\",\"@id\":\"https:\\\/\\\/lacienciadetusojos.com\\\/index.php\\\/como-vemos-elementor\\\/\",\"url\":\"https:\\\/\\\/lacienciadetusojos.com\\\/index.php\\\/como-vemos-elementor\\\/\",\"name\":\"\u00bfC\u00f3mo vemos? - La ciencia de tus ojos\",\"isPartOf\":{\"@id\":\"https:\\\/\\\/lacienciadetusojos.com\\\/#website\"},\"primaryImageOfPage\":{\"@id\":\"https:\\\/\\\/lacienciadetusojos.com\\\/index.php\\\/como-vemos-elementor\\\/#primaryimage\"},\"image\":{\"@id\":\"https:\\\/\\\/lacienciadetusojos.com\\\/index.php\\\/como-vemos-elementor\\\/#primaryimage\"},\"thumbnailUrl\":\"https:\\\/\\\/lacienciadetusojos.com\\\/wp-content\\\/uploads\\\/2024\\\/07\\\/Texto-del-parrafo-300x300.png\",\"datePublished\":\"2024-07-04T20:29:50+00:00\",\"dateModified\":\"2024-07-30T10:32:34+00:00\",\"breadcrumb\":{\"@id\":\"https:\\\/\\\/lacienciadetusojos.com\\\/index.php\\\/como-vemos-elementor\\\/#breadcrumb\"},\"inLanguage\":\"es\",\"potentialAction\":[{\"@type\":\"ReadAction\",\"target\":[\"https:\\\/\\\/lacienciadetusojos.com\\\/index.php\\\/como-vemos-elementor\\\/\"]}]},{\"@type\":\"ImageObject\",\"inLanguage\":\"es\",\"@id\":\"https:\\\/\\\/lacienciadetusojos.com\\\/index.php\\\/como-vemos-elementor\\\/#primaryimage\",\"url\":\"https:\\\/\\\/lacienciadetusojos.com\\\/wp-content\\\/uploads\\\/2024\\\/07\\\/Texto-del-parrafo.png\",\"contentUrl\":\"https:\\\/\\\/lacienciadetusojos.com\\\/wp-content\\\/uploads\\\/2024\\\/07\\\/Texto-del-parrafo.png\",\"width\":1080,\"height\":1080},{\"@type\":\"BreadcrumbList\",\"@id\":\"https:\\\/\\\/lacienciadetusojos.com\\\/index.php\\\/como-vemos-elementor\\\/#breadcrumb\",\"itemListElement\":[{\"@type\":\"ListItem\",\"position\":1,\"name\":\"Inicio\",\"item\":\"https:\\\/\\\/lacienciadetusojos.com\\\/\"},{\"@type\":\"ListItem\",\"position\":2,\"name\":\"\u00bfC\u00f3mo vemos?\"}]},{\"@type\":\"WebSite\",\"@id\":\"https:\\\/\\\/lacienciadetusojos.com\\\/#website\",\"url\":\"https:\\\/\\\/lacienciadetusojos.com\\\/\",\"name\":\"La ciencia de tus ojos\",\"description\":\"\u00bfNo lo ves claro? Nosotros te ayudamos\",\"publisher\":{\"@id\":\"https:\\\/\\\/lacienciadetusojos.com\\\/#organization\"},\"potentialAction\":[{\"@type\":\"SearchAction\",\"target\":{\"@type\":\"EntryPoint\",\"urlTemplate\":\"https:\\\/\\\/lacienciadetusojos.com\\\/?s={search_term_string}\"},\"query-input\":{\"@type\":\"PropertyValueSpecification\",\"valueRequired\":true,\"valueName\":\"search_term_string\"}}],\"inLanguage\":\"es\"},{\"@type\":\"Organization\",\"@id\":\"https:\\\/\\\/lacienciadetusojos.com\\\/#organization\",\"name\":\"La ciencia de tus ojos\",\"url\":\"https:\\\/\\\/lacienciadetusojos.com\\\/\",\"logo\":{\"@type\":\"ImageObject\",\"inLanguage\":\"es\",\"@id\":\"https:\\\/\\\/lacienciadetusojos.com\\\/#\\\/schema\\\/logo\\\/image\\\/\",\"url\":\"https:\\\/\\\/lacienciadetusojos.com\\\/wp-content\\\/uploads\\\/2024\\\/04\\\/Logo-final-LCDTO-SIN-FONDO.png\",\"contentUrl\":\"https:\\\/\\\/lacienciadetusojos.com\\\/wp-content\\\/uploads\\\/2024\\\/04\\\/Logo-final-LCDTO-SIN-FONDO.png\",\"width\":500,\"height\":500,\"caption\":\"La ciencia de tus ojos\"},\"image\":{\"@id\":\"https:\\\/\\\/lacienciadetusojos.com\\\/#\\\/schema\\\/logo\\\/image\\\/\"},\"sameAs\":[\"https:\\\/\\\/www.facebook.com\\\/profile.php?id=61556950348192&locale=es_LA\"]}]}<\/script>\n<!-- \/ Yoast SEO plugin. -->","yoast_head_json":{"title":"\u00bfC\u00f3mo vemos? - La ciencia de tus ojos","robots":{"index":"index","follow":"follow","max-snippet":"max-snippet:-1","max-image-preview":"max-image-preview:large","max-video-preview":"max-video-preview:-1"},"canonical":"https:\/\/lacienciadetusojos.com\/index.php\/como-vemos-elementor\/","og_locale":"es_MX","og_type":"article","og_title":"\u00bfC\u00f3mo vemos? - La ciencia de tus ojos","og_description":"\u00bfC\u00f3mo Vemos? \u00a0 La visi\u00f3n es un sentido crucial para la supervivencia y la evoluci\u00f3n de los seres vivos, incluyendo los humanos. La v\u00eda visual involucra complejos procesos fisiol\u00f3gicos que comienzan en el ojo y la retina, contin\u00faan a trav\u00e9s del nervio \u00f3ptico y son procesados en distintas partes del cerebro para interpretar la informaci\u00f3n [&hellip;]","og_url":"https:\/\/lacienciadetusojos.com\/index.php\/como-vemos-elementor\/","og_site_name":"La ciencia de tus ojos","article_publisher":"https:\/\/www.facebook.com\/profile.php?id=61556950348192&locale=es_LA","article_modified_time":"2024-07-30T10:32:34+00:00","og_image":[{"url":"https:\/\/lacienciadetusojos.com\/wp-content\/uploads\/2024\/07\/Texto-del-parrafo-300x300.png","type":"","width":"","height":""}],"twitter_card":"summary_large_image","twitter_misc":{"Tiempo de lectura":"2 minutos"},"schema":{"@context":"https:\/\/schema.org","@graph":[{"@type":"WebPage","@id":"https:\/\/lacienciadetusojos.com\/index.php\/como-vemos-elementor\/","url":"https:\/\/lacienciadetusojos.com\/index.php\/como-vemos-elementor\/","name":"\u00bfC\u00f3mo vemos? - La ciencia de tus ojos","isPartOf":{"@id":"https:\/\/lacienciadetusojos.com\/#website"},"primaryImageOfPage":{"@id":"https:\/\/lacienciadetusojos.com\/index.php\/como-vemos-elementor\/#primaryimage"},"image":{"@id":"https:\/\/lacienciadetusojos.com\/index.php\/como-vemos-elementor\/#primaryimage"},"thumbnailUrl":"https:\/\/lacienciadetusojos.com\/wp-content\/uploads\/2024\/07\/Texto-del-parrafo-300x300.png","datePublished":"2024-07-04T20:29:50+00:00","dateModified":"2024-07-30T10:32:34+00:00","breadcrumb":{"@id":"https:\/\/lacienciadetusojos.com\/index.php\/como-vemos-elementor\/#breadcrumb"},"inLanguage":"es","potentialAction":[{"@type":"ReadAction","target":["https:\/\/lacienciadetusojos.com\/index.php\/como-vemos-elementor\/"]}]},{"@type":"ImageObject","inLanguage":"es","@id":"https:\/\/lacienciadetusojos.com\/index.php\/como-vemos-elementor\/#primaryimage","url":"https:\/\/lacienciadetusojos.com\/wp-content\/uploads\/2024\/07\/Texto-del-parrafo.png","contentUrl":"https:\/\/lacienciadetusojos.com\/wp-content\/uploads\/2024\/07\/Texto-del-parrafo.png","width":1080,"height":1080},{"@type":"BreadcrumbList","@id":"https:\/\/lacienciadetusojos.com\/index.php\/como-vemos-elementor\/#breadcrumb","itemListElement":[{"@type":"ListItem","position":1,"name":"Inicio","item":"https:\/\/lacienciadetusojos.com\/"},{"@type":"ListItem","position":2,"name":"\u00bfC\u00f3mo vemos?"}]},{"@type":"WebSite","@id":"https:\/\/lacienciadetusojos.com\/#website","url":"https:\/\/lacienciadetusojos.com\/","name":"La ciencia de tus ojos","description":"\u00bfNo lo ves claro? Nosotros te ayudamos","publisher":{"@id":"https:\/\/lacienciadetusojos.com\/#organization"},"potentialAction":[{"@type":"SearchAction","target":{"@type":"EntryPoint","urlTemplate":"https:\/\/lacienciadetusojos.com\/?s={search_term_string}"},"query-input":{"@type":"PropertyValueSpecification","valueRequired":true,"valueName":"search_term_string"}}],"inLanguage":"es"},{"@type":"Organization","@id":"https:\/\/lacienciadetusojos.com\/#organization","name":"La ciencia de tus ojos","url":"https:\/\/lacienciadetusojos.com\/","logo":{"@type":"ImageObject","inLanguage":"es","@id":"https:\/\/lacienciadetusojos.com\/#\/schema\/logo\/image\/","url":"https:\/\/lacienciadetusojos.com\/wp-content\/uploads\/2024\/04\/Logo-final-LCDTO-SIN-FONDO.png","contentUrl":"https:\/\/lacienciadetusojos.com\/wp-content\/uploads\/2024\/04\/Logo-final-LCDTO-SIN-FONDO.png","width":500,"height":500,"caption":"La ciencia de tus ojos"},"image":{"@id":"https:\/\/lacienciadetusojos.com\/#\/schema\/logo\/image\/"},"sameAs":["https:\/\/www.facebook.com\/profile.php?id=61556950348192&locale=es_LA"]}]}},"_links":{"self":[{"href":"https:\/\/lacienciadetusojos.com\/index.php\/wp-json\/wp\/v2\/pages\/567","targetHints":{"allow":["GET"]}}],"collection":[{"href":"https:\/\/lacienciadetusojos.com\/index.php\/wp-json\/wp\/v2\/pages"}],"about":[{"href":"https:\/\/lacienciadetusojos.com\/index.php\/wp-json\/wp\/v2\/types\/page"}],"author":[{"embeddable":true,"href":"https:\/\/lacienciadetusojos.com\/index.php\/wp-json\/wp\/v2\/users\/1"}],"replies":[{"embeddable":true,"href":"https:\/\/lacienciadetusojos.com\/index.php\/wp-json\/wp\/v2\/comments?post=567"}],"version-history":[{"count":32,"href":"https:\/\/lacienciadetusojos.com\/index.php\/wp-json\/wp\/v2\/pages\/567\/revisions"}],"predecessor-version":[{"id":1237,"href":"https:\/\/lacienciadetusojos.com\/index.php\/wp-json\/wp\/v2\/pages\/567\/revisions\/1237"}],"wp:attachment":[{"href":"https:\/\/lacienciadetusojos.com\/index.php\/wp-json\/wp\/v2\/media?parent=567"}],"curies":[{"name":"wp","href":"https:\/\/api.w.org\/{rel}","templated":true}]}}